. Let y = 1 + m. What are the prime factors of y?
2
Suppose 0 = -i - 5 + 13. What are the prime factors of 4/1*74/i?
37
Suppose -5*c + 377 - 2 = 0. What are the prime factors of 4/(-30) + 2560/c?
2, 17
Suppose -1110 = -14*d + 1774. What are the prime factors of d?
2, 103
Suppose -3*n = -2*h - 6*n + 12, -h = -4*n - 28. Let k be 9/4 + (-3)/h. What are the prime factors of (0 - 2)/(k/(-4))?
2
Suppose -2*z = 5*r - 27 + 3, 5*z - r = 6. Let x = z + 0. What are the prime factors of x?
2
Suppose 2*d - 2 = 0, 40 = c + 2*c + d. What are the prime factors of c?
13
List the prime factors of (184/10)/((5 - 1)/20).
2, 23
Let x(j) = j**2 - 3*j - 3. Let b be x(3). Let q be ((-19)/3)/(b/9). Suppose 0 = 4*k - 5*s - 49, -2*k + 0*s = 3*s - q. What are the prime factors of k?
11
Let q be (3 + 2)*-1 - 0. Let d(c) = -c**3 - 5*c**2 - 2*c - 7. What are the prime factors of d(q)?
3
Suppose -4*p + 28 = -2*p. What are the prime factors of (-4)/p - (-321)/21?
3, 5
Let q(g) = 6*g**3 + g**2. Let z be q(2). Suppose -2*i = 2*i - z. What are the prime factors of i?
13
Let r be (-3 - -1)*1 + 2. Suppose -p + 2*p + 2*l = 60, 4*l - 20 = r. Suppose -4*s + 2*z + p = 0, -3*z = -s - 2*z + 13. What are the prime factors of s?
2, 3
Suppose 0 = -3*t + y + 11, t - y + 2 = 9. Let g be t - 0/(-3) - -2. Suppose -g*h - 1 + 9 = 0. What are the prime factors of h?
2
Suppose 3 = -o + 4*o. Let u = o - -12. List the prime factors of u.
13
Suppose -5*c - 65 + 5 = 0. Let a = -5 - c. What are the prime factors of a?
7
Let o = -23 - -14. List the prime factors of (-3)/o*15 + 1.
2, 3
What are the prime factors of (-49)/(-7) - 6 - (-216 + 0)?
7, 31
Suppose 0 = o + 4*o - 15. Suppose -2*v = -w - 13, o*v - 22 = -w + 5*w. Let p(i) = -i**2 + 7*i + 8. List the prime factors of p(v).
2, 7
Let z = 1 + 1. Suppose -z*f - f = -72. List the prime factors of f.
2, 3
Suppose 3 = 4*t - 1. Suppose -t = -i + 23. List the prime factors of i.
2, 3
Let o(g) be the third derivative of g**5/60 + g**4/24 - g**3/2 - 3*g**2. Let n be o(-3). What are the prime factors of (n/(-9))/(3/(-99))?
11
Let o(n) = n**3 - 10*n**2 + 10*n + 11. Let p be (18/15)/(2/15). What are the prime factors of o(p)?
2, 5
Let a be 3/(-5) - 3/(-5). What are the prime factors of -4*(-1 + (-1 - a))?
2
Let d = -3 + 3. Suppose a = -g + 4*g, d = 3*a + 2*g. Let h = a + 3. What are the prime factors of h?
3
Let x(b) = b. Suppose 2*m = s - 11, -s + 3*s + 5*m = -5. Let y be x(s). Suppose y*j = 6 + 24. What are the prime factors of j?
2, 3
Let j be -3 + (20*-3)/(-4). Suppose j*x = 10*x + 34. What are the prime factors of x?
17
Let r = 84 - 50. List the prime factors of r.
2, 17
Let i(u) = 4*u**2 - 9*u - 7. Let z be i(-6). Let x = z + -349. List the prime factors of x/(-14) + (-2)/7.
11
Let c(r) = r**3 - 4*r**2 - 6*r + 7. Let d be c(5). List the prime factors of (8 - 0)/(1/d).
2
Suppose 2*o - 5*y = 95, 0 = -0*o - 2*o + y + 91. What are the prime factors of o?
3, 5
Suppose -11*b = -2541 + 583. What are the prime factors of b?
2, 89
Suppose 0*s - 4*s + 2*o - 10 = 0, s - 2*o + 4 = 0. List the prime factors of (4/(-5))/(s/20).
2
Suppose -m + 420 = 4*m. List the prime factors of m.
2, 3, 7
Suppose 4*n - 2 = 2. List the prime factors of n/1 - 0 - -4.
5
Suppose -i = j - 13, 6*i - i = 5*j - 85. Let o be (-11 - 1)*10/j. List the prime factors of 3/12 + (-86)/o.
11
Suppose 0 = -3*j + 25 + 2. List the prime factors of j.
3
Let b(r) = r**2 + r. Let a(w) = -2*w**2 - 3. Let h(t) = -a(t) - b(t). List the prime factors of h(0).
3
Let x be (-2)/(-4)*14 - 1. Let z = 1 + -3. Let p = z + x. What are the prime factors of p?
2
Let w(z) = 10*z**2 + 4*z + 6. List the prime factors of w(-2).
2, 19
Let q(f) = 3*f**2 - 2*f + 1. What are the prime factors of q(5)?
2, 3, 11
Suppose 4 = 4*z - 12. Let l be ((-9)/2)/(3/(-4)). Suppose z*y - 42 = -l. What are the prime factors of y?
3
Let t = 19 - 26. Let c(i) = i**2 - i - 8. List the prime factors of c(t).
2, 3
Let a(t) = -t**3 + t**2 - 33. Let k be a(0). Suppose 3*l + 3*b + 19 = 2*l, -5*l - 10 = -2*b. What are the prime factors of 3/(-12) + k/l?
2
Let n = 7 + -11. Let k = -2 - n. Suppose -k = -2*o, 2*j - 4*o = j + 14. What are the prime factors of j?
2, 3
Let n(l) = l**2 + 6*l + 4. Suppose 2*m + 2*m - 28 = 0. Let h be -1 + (6/3 - m). List the prime factors of n(h).
2
Let f be (2 + -2)/(5 + -4). Suppose -z - z + 92 = f. What are the prime factors of z?
2, 23
Let c(m) = -m**3 - 5*m**2 + 7*m + 8. Suppose -4*r + 0*r - 8 = 0. Let u be 2 + (-1)/(r/(-16)). What are the prime factors of c(u)?
2
Let h = 68 + 101. List the prime factors of h.
13
Let w(y) = y**2 + 21*y - 40. What are the prime factors of w(-24)?
2
Let o = -15 - -8. What are the prime factors of (o/(-21))/(1/39)?
13
Let a(g) = -5*g + 7. Let h(k) = k. Let t be ((-4)/12)/((-2)/(-6)). Let u(j) = t*a(j) - 3*h(j). What are the prime factors of u(6)?
5
Let c = -106 - -108. What are the prime factors of c?
2
List the prime factors of (280/(-15))/(-4)*(2 - -25).
2, 3, 7
Let n(f) = f - 7. Let p(t) = 3*t - 15. Let w(k) = 5*n(k) - 2*p(k). Let h be w(-5). Suppose 0*r - 2*r + 20 = h. List the prime factors of r.
2, 5
Let k(d) = -d + 7. Let j be k(7). Let s(r) = 2*r - 2 - 4*r + 10*r + j. What are the prime factors of s(2)?
2, 7
Let w(z) = -z**2 + 5*z + 5. Let j be w(5). Suppose h + j = 24. List the prime factors of h.
19
Suppose -m + 0 = -11. Let a(b) = -b**2 + 14*b - 6. Let y be a(14). Let k = y + m. What are the prime factors of k?
5
Suppose 2*r = -4*r + 120. List the prime factors of r.
2, 5
What are the prime factors of (0 - 18)*-32*8/24?
2, 3
Suppose 144 = -4*r + 380. List the prime factors of r.
59
Suppose -2 = l + 1, 3*l = -2*n - 5. What are the prime factors of n?
2
Let p = 7 + 18. Let v = p + 1. What are the prime factors of v?
2, 13
Suppose 0*k = -3*k + 162. Suppose 10*p - 9*p - 5 = 0. Suppose -k - 11 = -p*b. What are the prime factors of b?
13
Let h(k) = -14*k - 1. Let q(s) = 1. Let c(g) = -h(g) + 4*q(g). List the prime factors of c(3).
47
Suppose 591 = 2*s + 2*p - 3*p, 4*s = -p + 1179. List the prime factors of s.
5, 59
List the prime factors of 21/2*72/54.
2, 7
What are the prime factors of 4/8*4*37?
2, 37
Suppose -2*d + 6*d + 328 = 4*z, 4*z - 324 = 3*d. List the prime factors of z.
2, 3, 13
Let m = 6 - 8. Let r be 0 - (m - -2 - -2). What are the prime factors of 4*3/(-8)*r?
3
Suppose 7*v = 148 - 43. Let q = 8 - -2. List the prime factors of 4/q - (-54)/v.
2
List the prime factors of (1*-8)/(-3 - -1).
2
Suppose 3*m = 4*v - 20, 3*v - 2*m = -0*v + 16. List the prime factors of v.
2
Let u = 623 - 344. List the prime factors of u.
3, 31
Let c(n) = 5*n**2 - 4*n**2 - 2*n**2 - 11 - 15*n. Let f be c(-11). Suppose s + f = 4*s. What are the prime factors of s?
11
Let o(u) = -u + u**2 + 6 - 2*u**2 - 7*u + 0. What are the prime factors of o(-6)?
2, 3
Let d be 7 - (-1 + 1)*1. Let p = d + -3. What are the prime factors of p?
2
Suppose 4*s - 2*f = 2*f - 12, 0 = -4*f + 20. List the prime factors of -15*s*(-2)/4.
3, 5
Let p be (-1)/(((-5)/9)/5). Let f(o) = 5*o**2 - 2*o**2 - 8 - 4*o**2 + 12*o. List the prime factors of f(p).
19
Suppose -5*r = -12 - 13. What are the prime factors of r*1 - (-4)/4?
2, 3
Let d(c) = c**3 + 0*c**2 + 0 - 10*c**2 + 6 + c**2 + c. What are the prime factors of d(9)?
3, 5
Let w be (-4)/12 + (-1)/(-3). Let y = -1 - w. List the prime factors of 9 + (4 - (-2)/y).
11
Let v(y) = -y + 30. What are the prime factors of v(0)?
2, 3, 5
Suppose 4*y - 2*j - 116 = 0, -2*y + 5*j + 42 = -0*y. What are the prime factors of y?
31
Suppose -4*u + 12 = -4. Let x be u/(-10) - (-6)/15. List the prime factors of x/(-2) + 4 + 0.
2
Let q(x) = -4*x - 11. Let s be q(-10). Let n = s - 12. What are the prime factors of n?
17
Suppose 3*l = 5 + 1. Let q = l - -1. Suppose 0 = q*m + 1 - 7. What are the prime factors of m?
2
Suppose 0 = -0*i + 4*i - 16. Suppose -i*c - 8 + 0 = 0. What are the prime factors of -2 - -8 - c/2?
7
Let q be (-8)/(3 - (-38)/(-14)). Let w(n) = n**2 - 2*n + 9. Let g be w(7). Let i = q + g. List the prime factors of i.
2
Suppose 0*x - t - 4 = x, x = -4*t - 4. Suppose 5*r + 16 = r + 3*g, -5*g + 15 = 5*r. List the prime factors of (1 - x)*(-1)/r.
5
Suppose 0 = -3*z + 4*t - 574, 0*z + 173 = -z + 5*t. List the prime factors of z/(-5) + 16/40.
2, 5
Let y = 146 - 70. What are the prime factors of y?
